igit of r?
4
Let b = 10682 - 9944. What is the units digit of b?
8
Let l be 2/(1*-2*16/(-80)). Suppose -4*z - v = 4*v - 17, 2*z - v = l. Suppose -5*s + u = -z*u - 367, 3*u = -3*s + 204. What is the units digit of s?
1
Suppose 0 = 2*p - 3*j + 8*j + 1258, -j = 3*p + 1874. What is the tens digit of 96/p - 38978/(-26)?
9
Suppose 3*f + 4*k = 39, 5*f - 17*k + 22*k - 60 = 0. What is the tens digit of 3/(f/4611) + (10 - 12)?
3
What is the ten thousands digit of (143/(-208)*-4)/(2/20336)?
2
Suppose 0 = -2*n - 28 - 100. Let o = 55 - n. Suppose 3*j + 2*u = 229, -2*j + 3*u + 38 = -o. What is the units digit of j?
7
Let b(z) = 2*z**3 + 11*z**2 - 9*z - 16. Let j be b(-6). Let w(k) be the first derivative of 5*k**4/4 + k**3/3 + k**2 + k + 17. What is the units digit of w(j)?
9
Suppose 93*d - 41*d = 418132. What is the units digit of d?
1
Suppose -121*f + 47*f = 66145 - 211999. What is the hundreds digit of f?
9
Let b be (1 - -2171)/(30/20). Suppose 4*s + 5*n - b = 0, 0*s + s = -4*n + 373. What is the hundreds digit of s?
3
Let r = 36 - 39. Let h be (199 + 5)/(-2 - r). Let f = h + -99. What is the units digit of f?
5
Let v be (-1314)/(-8)*16/6. Suppose -q + 2*n = -0 + 6, 5*n = 3*q + 20. What is the tens digit of -1 - (v/q - 40/(-50))?
4
Let t(q) = -2*q - 22. Let x be 4/(-6)*(-198)/(-12). Let d be t(x). Suppose d = h + 3*h - 252. What is the tens digit of h?
6
What is the thousands digit of 143804/26 - 12/(-624)*4?
5
Let o(p) = p**3 - 37*p**2 + 994*p + 48. What is the ten thousands digit of o(26)?
1
What is the hundreds digit of 3*9/(189/39466)?
6
Suppose 2*a = 2*l + 4992, 3*a - 11570 + 4090 = l. What is the tens digit of a?
9
What is the tens digit of 7 + -24 + 22 - -2*(272 - -2)?
5
Let p = 0 - -1. Let u = -7773 + 6931. What is the hundreds digit of p/(-4)*(-1 + u + -1)?
2
Suppose 133132 = 2*m - 2*v, -5*m + 178189 + 154701 = 5*v. What is the hundreds digit of m?
5
Let a = 74 - 74. Suppose a = p + 3*z - 189, 0 = p + p + 2*z - 366. Suppose -p = -5*h - 4*o - 72, 0 = 5*h + o - 102. What is the units digit of h?
0
Let k be (-1)/(-5) - 13/((-325)/57420). Let p = -1523 + k. What is the units digit of p?
4
Suppose -4*o - 48 + 540 = 0. What is the tens digit of o*-124*(-8)/96?
7
Suppose -4*s + 3*l = 5*l - 95510, -2*s + 4*l = -47770. What is the units digit of s?
9
Let r = 384 + -544. Let f = r - -224. Let m = -7 + f. What is the units digit of m?
7
What is the thousands digit of ((-5)/10)/(7/(-917336))?
5
Suppose 49*t = 36*t - 871. Let o = 221 - 127. Let x = t + o. What is the tens digit of x?
2
Let r(d) = 8*d**2 + 62*d - 529. What is the tens digit of r(31)?
8
Suppose f + 5*c = -7, 3*f - 2*c - 18 + 5 = 0. Suppose -a + 18 = 3*k, 4*a = f*k + 29 - 2. Suppose 30*w = 27*w + a. What is the units digit of w?
3
Suppose 5*l - 2*g - 25151 = 0, g = -18*l - 17419 + 107897. What is the units digit of l?
7
Let i = -23 + 46. Let r = i - -8. Suppose 0 = -2*p - v + 36, -3*p = v - r - 24. What is the units digit of p?
9
Let x(m) = 7*m**3 + 4*m**2 - 1. Let v(u) = 8*u**3 + 4*u**2. Let l(w) = 3*v(w) - 4*x(w). Let f be l(-3). Suppose -f = 3*p - 286. What is the units digit of p?
0
Suppose 3*o - 12*m = -11*m - 74, 0 = -5*o - 5*m - 110. What is the units digit of (-9)/o + 9552/128?
5
Let f = -16 + 19. Suppose q - 4*q + c = -74, 0 = -2*q + f*c + 40. Suppose d + 3 = q. What is the units digit of d?
3
Let v be (-8)/52 - 4/(-26). Suppose v*k + 3*k - 15 = 0. Suppose -k*f + 10*f - 294 = -3*j, f - 5*j = 70. What is the tens digit of f?
6
Let f = 8694 - 4097. What is the units digit of f?
7
Suppose 125*f = 96*f + 82969. What is the tens digit of f?
6
Let k(q) = 66 + 26 - 62 + 3*q. Suppose -7 = -5*a + 28. What is the tens digit of k(a)?
5
Suppose -2*j = -5*n - 6786, 7*j + 1298 = 4*n + 24941. What is the thousands digit of j?
3
Suppose -s + n = -12, -2*s + 0*s - 5*n = -52. Suppose -2*r + 0*d + 244 = 3*d, s = -4*d. Let o = r + -65. What is the tens digit of o?
6
Let a be (-2)/(-22) - (-4710)/(-22). Let j = 584 + a. What is the units digit of j?
0
Suppose 3*c = 3*y - 60, y + 2*c - 16 = 4*c. Suppose 7*x - 5*x - y = 0. What is the units digit of 3*-41*(-16)/x + -1?
3
Suppose 12*i - 285299 + 47232 = 158965. What is the thousands digit of i?
3
Suppose 0 = 238*q - 90*q - 9297508. What is the ten thousands digit of q?
6
Suppose -91 = 34*g + 79. What is the units digit of (9/15)/(-1) - 1073/g?
4
Suppose 5 = 5*o - 3*x, -x - 5 = -4*o + 6. Let v(m) = -15*m - 7. Let z be v(-3). Suppose o*a + z = 810. What is the units digit of a?
3
Let n = -116 - -296. Let f = n + -99. Let d = f - 59. What is the tens digit of d?
2
Suppose 0 = -a + 12702 + 171. What is the ten thousands digit of a?
1
Let y = 70 + 72. Let h be y/16 + 7/56 + 0. Let w = 56 - h. What is the units digit of w?
7
Let t = 76 + -28. Suppose -g - z + 60 = 0, -8*z - t = -g - 3*z. Let y = g - -22. What is the units digit of y?
0
Let l be -4 - ((-4)/1 + -10 + 13). Let u(q) = -q**2 - 6*q - 17. Let j be u(l). Let p = j - -23. What is the units digit of p?
5
Suppose -17*z - 20223 = -24*z. Suppose -17*h + 1888 = -z. What is the tens digit of h?
8
What is the hundreds digit of 10995360/1440 - 1/3*(-3 - -2)?
6
Suppose -3*j = -4*g - 1187, -g - 3*j + 2*j = 295. Let o = -144 - g. What is the hundreds digit of o?
1
What is the hundreds digit of 11 - 17 - ((-4)/(-10) - (-2420451)/(-115))?
0
Let h be (1 - 2 - 0) + -8 + 62. Let f = h + -65. Let n(i) = i**2 + 8*i - 7. What is the tens digit of n(f)?
4
Let v = 24638 + -3067. What is the thousands digit of v?
1
Let t(r) = 7*r**3 - r**2 - 9*r - 22. Suppose 8*n = 125 - 85. What is the hundreds digit of t(n)?
7
Let y = 6933 + -5180. What is the tens digit of y?
5
Let u(f) = f**2 + 7*f - 27. Let m = -17 + 5. Let t be u(m). Let s = t + 79. What is the hundreds digit of s?
1
Let f(q) = -108*q - 205. Let y be f(17). What is the thousands digit of y/(-2) + (3 - 42/12)?
1
Let t = -176 - -178. Suppose 0 = u + 5, -m + 4*u - t*u + 209 = 0. What is the units digit of m?
9
Let o(k) = 23*k + k**2 + 20 + k**2 + 0*k**2. Suppose h - 9 = 4*h, -t - 10 = -h. What is the units digit of o(t)?
9
Let j(i) = 11*i**2 + 2*i + 2683. What is the hundreds digit of j(0)?
6
Let o(y) = 56*y - 701. Let l be o(12). Let h be (0 - (-36 - 1)) + 2. Let a = h + l. What is the units digit of a?
0
What is the units digit of 3/(165/(-22))*(-161001 - 4)?
2
Suppose 35 - 23 = -3*j - 3*f, -2*j = -f + 11. What is the tens digit of ((-40)/6)/j*(-198)/(-12)?
2
Let y(a) = 3*a**2 + 23*a - 21. Let x be y(-9). Suppose x*m = -3*m + 5184. What is the tens digit of m?
8
Let n = -26 + 30. Suppose n = 9*z - 851. Suppose -4*a + 96 = 2*x, 2*x + 6*a - a - z = 0. What is the units digit of x?
0
Let y(c) = -c**3 - 1 + 13*c - 9 - 10*c + 4*c**2. Let x be y(4). Suppose -4 = x*r - 38. What is the units digit of r?
7
Let x(w) = w**2 - 7. Let p(s) = 2*s**2 - 14. Let v(c) = 3*p(c) - 5*x(c). Let t be v(-3). What is the tens digit of (-870)/(-20) + (-1)/t + 0?
4
What is the hundreds digit of 99*(-8 + (-5968)/(-48))?
5
What is the units digit of 16120 + 11/(11/(-10))?
0
Suppose -47 + 20 = -9*w. Suppose 4*n + 3*h - 2886 = 0, 1 = h + w. Suppose -z - 5*d - 26 = -279, 3*z = 3*d + n. What is the units digit of z?
3
Let o = -482 + 838. Let b = o - 43. What is the tens digit of b?
1
Suppose 38*x - 2045088 = 31*x - 101*x. What is the ten thousands digit of x?
1
What is the thousands digit of 3/(6/13292) + 1134/(-42) + 28?
6
Let b be (-7)/((-21)/(-6)) - 287. Let l = 317 + b. What is the tens digit of l?
2
Suppose -2*x + 7*x + 2*s = 1226, -232 = -x + 4*s. Let b(t) = 243 + 10*t**3 - x + 0*t**3 + 8*t**3. What is the tens digit of b(2)?
4
Let s(l) = -55 + 53*l - 126*l + 88. What is the tens digit of s(-2)?
7
Suppose 4*d - 30141 = d. Suppose d = 16*s + s. What is the units digit of s?
1
Let a(c) = -3*c**3 - 4*c**2 + 4*c - 16. Let p be a(-6). Suppose p = 4*y + 196. What is the units digit of y?
7
Suppose 1869 = 5*a + 5*j + 164, 0 = -a + 4*j + 371. Suppose 688 = -2*c - 2*c + 3*i, -860 = 5*c - 2*i. Let y = a + c. What is the tens digit of y?
7
Let d = 363 - 205. Let y(k) = 3*k - 7. Let u be y(3). Suppose -u*f - 8 = -d. What is the tens digit of f?
7
Let s(n) = -1004*n + 301. What is the units digit of s(-5)?
1
Suppose -69 = 7*j - 3*j - 3*a, 0 = -3*j + a - 48. Let f(t) = 2*t - 20. Let r be f(j). Let g = 127 + r